a factor of 9288?
True
Is 1883 a multiple of 72?
False
Does 15 divide 5955?
True
Is 18727 a multiple of 24?
False
Is 690 a multiple of 23?
True
Is 44 a factor of 6406?
False
Is 27 a factor of 4737?
False
Is 19 a factor of 2622?
True
Is 14057 a multiple of 21?
False
Does 9 divide 14205?
False
Is 104 a factor of 7776?
False
Is 193 a factor of 24704?
True
Is 21847 a multiple of 46?
False
Is 22 a factor of 1122?
True
Does 33 divide 3880?
False
Is 406 a multiple of 2?
True
Does 54 divide 421?
False
Is 43 a multiple of 15?
False
Is 15 a factor of 410?
False
Does 93 divide 2511?
True
Is 33846 a multiple of 7?
False
Is 32150 a multiple of 36?
False
Is 33 a factor of 4047?
False
Is 14 a factor of 2862?
False
Does 15 divide 2332?
False
Does 73 divide 2993?
True
Is 52 a factor of 1284?
False
Is 8453 a multiple of 107?
True
Does 77 divide 4851?
True
Is 1560 a multiple of 5?
True
Does 8 divide 17243?
False
Is 1256 a multiple of 171?
False
Does 4 divide 83?
False
Does 19 divide 2625?
False
Does 64 divide 50255?
False
Does 28 divide 168?
True
Is 25432 a multiple of 4?
True
Is 46 a factor of 36416?
False
Does 90 divide 1177?
False
Is 12 a factor of 1812?
True
Is 12 a factor of 49963?
False
Is 54 a factor of 1756?
False
Is 1008 a multiple of 21?
True
Is 330 a multiple of 7?
False
Is 16155 a multiple of 192?
False
Is 61 a factor of 732?
True
Does 11 divide 4976?
False
Does 43 divide 21281?
False
Is 1280 a multiple of 40?
True
Is 3 a factor of 3175?
False
Is 33 a factor of 99?
True
Is 180857 a multiple of 20?
False
Is 5470 a multiple of 64?
False
Is 295 a factor of 13942?
False
Is 5984 a multiple of 17?
True
Does 45 divide 7425?
True
Is 59032 a multiple of 376?
True
Is 70 a factor of 4947?
False
Is 12825 a multiple of 27?
True
Does 50 divide 1050?
True
Is 38 a multiple of 3?
False
Does 59 divide 18644?
True
Is 4794 a multiple of 94?
True
Does 5 divide 781?
False
Is 9 a factor of 62091?
True
Is 8 a factor of 4784?
True
Is 31 a factor of 5456?
True
Is 27 a factor of 8127?
True
Is 119 a multiple of 30?
False
Does 13 divide 74990?
False
Is 148 a multiple of 3?
False
Is 13 a factor of 5083?
True
Does 296 divide 55944?
True
Does 36 divide 288?
True
Is 9779 a multiple of 10?
False
Is 4 a factor of 84?
True
Does 81 divide 2025?
True
Does 27 divide 351?
True
Does 14 divide 70?
True
Does 21 divide 420?
True
Does 16 divide 432?
True
Is 142 a multiple of 4?
False
Is 29 a factor of 4263?
True
Is 129 a factor of 2589?
False
Is 11139 a multiple of 11?
False
Does 3 divide 317?
False
Is 10982 a multiple of 21?
False
Is 131 a factor of 12508?
False
Does 25 divide 550?
True
Does 60 divide 2940?
True
Is 85 a factor of 10370?
True
Is 50 a factor of 2730?
False
Is 224 a multiple of 7?
True
Does 21 divide 9408?
True
Is 44 a multiple of 44?
True
Does 3 divide 306?
True
Does 21 divide 1303?
False
Does 20 divide 2736?
False
Is 4 a factor of 3060?
True
Does 25 divide 975?
True
Is 21 a factor of 2856?
True
Is 2385 a multiple of 15?
True
Is 70 a factor of 27066?
False
Is 2403 a multiple of 9?
True
Is 3330 a multiple of 37?
True
Does 41 divide 1435?
True
Does 10 divide 660?
True
Does 69 divide 8177?
False
Is 20 a factor of 200?
True
Is 1320 a multiple of 15?
True
Does 102 divide 8210?
False
Is 348 a multiple of 13?
False
Is 30 a factor of 5511?
False
Is 177 a multiple of 5?
False
Is 21 a factor of 125988?
False
Is 350 a multiple of 25?
True
Is 352 a multiple of 88?
True
Is 884 a multiple of 17?
True
Does 9 divide 1089?
True
Is 53 a factor of 4187?
True
Does 14 divide 1638?
True
Is 4584 a multiple of 8?
True
Does 37 divide 7400?
True
Does 44 divide 220?
True
Does 42 divide 9428?
False
Does 37 divide 1591?
True
Does 13 divide 21515?
True
Does 114 divide 11323?
False
Is 40765 a multiple of 8?
False
Is 4418 a multiple of 47?
True
Is 29 a factor of 86524?
False
Is 1045 a multiple of 5?
True
Does 18 divide 917?
False
Does 9 divide 4157?
False
Is 25 a factor of 11859?
False
Does 5 divide 1486?
False
Is 3141 a multiple of 32?
False
Is 29 a factor of 3974?
False
Is 17 a factor of 3502?
True
Is 44 a factor of 3802?
False
Is 56 a factor of 7068?
False
Does 31 divide 4836?
True
Is 24 a factor of 1824?
True
Is 221 a factor of 19244?
False
Does 294 divide 22344?
True
Does 9 divide 12177?
True
Is 306 a factor of 26227?
False
Does 9 divide 864?
True
Does 3 divide 109?
False
Is 3025 a multiple of 15?
False
Is 4 a factor of 380?
True
Is 76 a multiple of 69?
False
Is 64 a factor of 17848?
False
Is 6 a factor of 3085?
False
Is 103 a multiple of 56?
False
Is 7 a factor of 1547?
True
Does 16 divide 2339?
False
Does 55 divide 6192?
False
Is 1105 a multiple of 10?
False
Is 68 a factor of 101864?
True
Is 24 a factor of 12096?
True
Is 34 a multiple of 4?
False
Is 42 a factor of 446?
False
Is 792 a multiple of 11?
True
Does 31 divide 248?
True
Does 2 divide 26?
True
Is 13 a factor of 498?
False
Is 2624 a multiple of 13?
False
Does 10 divide 241?
False
Does 5 divide 1580?
True
Does 25 divide 1519?
False
Is 7 a factor of 238?
True
Is 694 even?
True
Does 3 divide 8880?
True
Is 241 a multiple of 19?
False
Is 45 a factor of 29534?
False
Does 8 divide 25942?
False
Is 2 a factor of 559?
False
Is 328 a multiple of 82?
True
Is 10 a factor of 52791?
False
Is 49 a factor of 441?
True
Is 20 a factor of 1180?
True
Does 54 divide 24030?
True
Does 25 divide 11672?
False
Is 23 a factor of 138?
True
Is 38 a factor of 24723?
False
Does 26 divide 439?
False
Is 16 a factor of 14380?
False
Is 20 a factor of 7200?
True
Is 8 a factor of 11432?
True
Is 960 a multiple of 30?
True
Is 23121 a multiple of 7?
True
Is 16734 a multiple of 41?
False
Does 42 divide 3614?
False
Is 30 a factor of 2675?
False
Is 652 a multiple of 15?
False
Is 21 a factor of 1453?
False
Is 629 a multiple of 6?
False
Does 4 divide 2248?
True
Does 12 divide 1326?
False
Does 11 divide 10802?
True
Does 161 divide 613?
False
Does 52 divide 7904?
True
Is 1862 a multiple of 133?
True
Is 30 a factor of 2910?
True
Is 28497 a multiple of 177?
True
Is 2 a factor of 306?
True
Does 127 divide 27686?
True
Is 42 a factor of 13577?
False
Is 2089 a multiple of 6?
False
Does 5 divide 4858?
False
Does 16 divide 123045?
False
Is 2786 a multiple of 4?
False
Does 19 divide 50647?
False
Is 7 a factor of 110?
False
Is 594 a multiple of 9?
True
Is 7164 a multiple of 56?
False
Is 14 a factor of 685?
False
Is 544 a multiple of 11?
False
Is 78039 a multiple of 9?
True
Is 216 a multiple of 24?
True
Does 254 divide 28941?
False
Is 21 a factor of 393?
False
Is 11565 a multiple of 102?
False
Is 8906 a multiple of 122?
True
Is 728 a multiple of 7?
True
Does 11 divide 801?
False
Is 59 a multiple of 34?
False
Is 10 a factor of 67495?
False
Is 3318 a multiple of 10?
False
Does 38 divide 9789?
False
Is 20 a factor of 1458?
False
Does 20 divide 2060?
True
Does 15 divide 13683?
False
Is 532 a multiple of 38?
True
Does 15 divide 4350?
True
Is 12043 a multiple of 3?
False
Does 8 divide 123?
False
Is 7217 a multiple of 52?
False
Is 82 a multiple of 41?
True
Does 9 divide 57168?
True
Does 4 divide 17393?
False
Is 87 a multiple of 32?
False
Is 775 even?
False
Is 20 a factor of 81540?
True
Is 16 a factor of 1712?
True
Is 27 a factor of 43?
False
Is 14 a factor of 1213?
False
Is 1071 a multiple of 7?
True
Is 2 a factor of 52?
True
Does 11 divide 27017?
False
Does 119 divide 4818?
False
Does 28 divide 113?
False
Is 10670 a multiple of 2?
True
Is 396 a multiple of 9?
True
Does 3 divide 400?
False
Is 96 a multiple of 38?
False
Is 1596 a multiple of 114?
True
Is 1072 a multiple of 67?
True
Does 24 divide 174?
False
Is 25 a multiple of 5?
True
Does 46 divide 4186?
True
Is 50997 a multiple of 22?
False
Is 109 a factor of 3815?
True
Is 100 a factor of 9200?
True
Is 6 a factor of 546?
True
Is 28400 a multiple of 9?
False
Does 22 divide 30624?
True
Is 11270 a multiple of 5?
True
Is 29 a factor of 1392?
True
Does 10 divide 48?
False
Is 920 a multiple of 8?
True
Is 5 a factor of 186?
False
Is 3 a factor of 495?
True
Is 480 a multiple of 8?
True
Does 22 divide 2650?
False
Does 23 divide 2162?
True
Is 75 a factor of 2466?
False
Does 9 divide 733?
False
Does 188 divide 10221?
False
Is 8 a factor of 1245?
False
Is 1830 a multiple of 15?
True
Does 239 divide 129145?
False
Is 58 even?
True
Is 570 a multiple of 15?
True
Is 3854 